{"id":14,"date":"2016-02-26T15:48:03","date_gmt":"2016-02-26T14:48:03","guid":{"rendered":"http:\/\/ruthkraemer.de\/?page_id=14"},"modified":"2022-01-13T11:00:58","modified_gmt":"2022-01-13T10:00:58","slug":"kinderbehandlung","status":"publish","type":"page","link":"http:\/\/ruthkraemer.de\/?page_id=14","title":{"rendered":"Osteopathie bei Kindern, Neugeborenen und S\u00e4uglingen"},"content":{"rendered":"<p>[et_pb_section fb_built=&#8220;1&#8243; admin_label=&#8220;section&#8220; _builder_version=&#8220;4.11.1&#8243; custom_padding=&#8220;90px||||false|false&#8220; global_colors_info=&#8220;{}&#8220;][et_pb_row column_structure=&#8220;3_4,1_4&#8243; admin_label=&#8220;row&#8220; _builder_version=&#8220;4.11.1&#8243; background_size=&#8220;initial&#8220; background_position=&#8220;top_left&#8220; background_repeat=&#8220;repeat&#8220; width=&#8220;86%&#8220; min_height=&#8220;991.3px&#8220; custom_margin=&#8220;-8px|auto||auto||&#8220; global_colors_info=&#8220;{}&#8220;][et_pb_column type=&#8220;3_4&#8243; _builder_version=&#8220;3.25&#8243; custom_padding=&#8220;|||&#8220; global_colors_info=&#8220;{}&#8220; custom_padding__hover=&#8220;|||&#8220;][et_pb_text _builder_version=&#8220;4.14.2&#8243; _module_preset=&#8220;default&#8220; min_height=&#8220;64px&#8220; custom_margin=&#8220;2px|||||&#8220; custom_padding=&#8220;18px||0px|||&#8220; global_colors_info=&#8220;{}&#8220;]<\/p>\n<h3>Osteopathie bei Babys und Kindern<\/h3>\n<p>[\/et_pb_text][et_pb_image src=&#8220;http:\/\/ruthkraemer.de\/wp-content\/uploads\/2022\/01\/Osteopathie-Baby-2.jpg&#8220; _builder_version=&#8220;4.14.2&#8243; _module_preset=&#8220;default&#8220; title_text=&#8220;Osteopathie Baby 2&#8243; hover_enabled=&#8220;0&#8243; sticky_enabled=&#8220;0&#8243;][\/et_pb_image][et_pb_text admin_label=&#8220;Text&#8220; _builder_version=&#8220;4.11.1&#8243; background_size=&#8220;initial&#8220; background_position=&#8220;top_left&#8220; background_repeat=&#8220;repeat&#8220; custom_padding=&#8220;2px|0px||||&#8220; global_colors_info=&#8220;{}&#8220;]<\/p>\n<p><span style=\"color: #800000; font-family: inherit;\">Craniosacrale Therapie und Funktionelle Osteopathie <\/span><span style=\"color: #808080; font-size: large;\"><span style=\"font-family: inherit;\">sind mit<\/span> ihrer sensiblen, zarten Herangehensweise <span style=\"color: #800000;\">auch und besonders f\u00fcr Kinder, sogar Neugeborene<\/span>, geeignet. Sie k\u00f6nnen im noch sehr &#8222;fl\u00fcssigen&#8220; kindlichen System mit wenig Einflussnahme entscheidende Ver\u00e4nderungen bewirken.<\/span><br \/><span style=\"color: #808080; font-size: large;\"> Spannungen und Blockaden der Muskeln, Gelenke und Faszien, die besonders h\u00e4ufig als Folgen der Geburt auftreten, behindern die gesunde\u00a0Regulation des K\u00f6rpers.<\/span><\/p>\n<p><span style=\"color: #808080;\">Da der K\u00f6rper als Einheit funktioniert sind nicht nur die blockierten Bereiche, sondern in der Folge oft auch innere Organe und das Nervensystem von St\u00f6rungen\u00a0betroffen.<\/span><\/p>\n<p><span style=\"color: #808080;\">Werden die Beeintr\u00e4chtigungen gel\u00f6st und damit die Funktionsf\u00e4higkeit des ganzen Systems wieder hergestellt, k\u00f6nnen <span style=\"color: #800000;\">Selbstregulation und Selbstorganisation<\/span> ungest\u00f6rt stattfinden. Die osteopathische Kinderbehandlung hat sich u.a. bew\u00e4hrt bei<\/span><\/p>\n<ul>\n<li><span style=\"color: #800000;\">Problemen durch die Geburt (z.B. nach Zangen- \/Saugglocken-\/ Kaiserschnittgeburt,\u00a0besonders langer oder besonders schneller Geburt, medikament\u00f6ser Beschleunigung\u00a0oder\u00a0Ausl\u00f6sung der Geburt)<\/span><\/li>\n<li><span style=\"color: #800000;\">Asymmetrien des Kopfes, der Lage, der Arm- und Beinbewegungen<\/span><\/li>\n<li><span style=\"color: #800000;\">Neugeborenenkoliken<\/span><\/li>\n<li><span style=\"color: #800000;\">\u00dcberstrecken des K\u00f6rpers, Schiefhals, KISS-Syndrom<\/span><\/li>\n<li><span style=\"color: #800000;\">Entwicklungsverz\u00f6gerung<\/span><\/li>\n<li><span style=\"color: #800000;\">R\u00fcckenschmerzen, Skoliose, Gliederschmerzen, Wachstumsschmerzen<\/span><\/li>\n<li><span style=\"color: #800000;\">Kieferorthop\u00e4dische Probleme, Z\u00e4hneknirschen, Kiefergelenksprobeme<\/span><\/li>\n<li><span style=\"color: #800000;\">Konzentrationsschwierigkeiten, Lernst\u00f6rungen, &#8222;Hyperaktivit\u00e4t&#8220;<\/span><\/li>\n<\/ul>\n<p>&nbsp;<\/p>\n<p>[\/et_pb_text][\/et_pb_column][et_pb_column type=&#8220;1_4&#8243; _builder_version=&#8220;3.25&#8243; custom_padding=&#8220;|||&#8220; global_colors_info=&#8220;{}&#8220; custom_padding__hover=&#8220;|||&#8220;][et_pb_sidebar show_border=&#8220;off&#8220; _builder_version=&#8220;4.11.1&#8243; _module_preset=&#8220;default&#8220; header_font_size=&#8220;22px&#8220; background_color=&#8220;#FFFFFF&#8220; width=&#8220;100%&#8220; global_colors_info=&#8220;{}&#8220;][\/et_pb_sidebar][\/et_pb_column][\/et_pb_row][et_pb_row column_structure=&#8220;1_2,1_2&#8243; _builder_version=&#8220;4.14.2&#8243; _module_preset=&#8220;default&#8220; global_colors_info=&#8220;{}&#8220;][et_pb_column type=&#8220;1_2&#8243; _builder_version=&#8220;4.14.2&#8243; _module_preset=&#8220;default&#8220; global_colors_info=&#8220;{}&#8220;][et_pb_image src=&#8220;http:\/\/ruthkraemer.de\/wp-content\/uploads\/2022\/01\/Osteopathie-Baby-1.jpg&#8220; title_text=&#8220;Osteopathie Baby 1&#8243; _builder_version=&#8220;4.14.2&#8243; _module_preset=&#8220;default&#8220; global_colors_info=&#8220;{}&#8220;][\/et_pb_image][\/et_pb_column][et_pb_column type=&#8220;1_2&#8243; _builder_version=&#8220;4.14.2&#8243; _module_preset=&#8220;default&#8220; global_colors_info=&#8220;{}&#8220;][et_pb_image src=&#8220;http:\/\/ruthkraemer.de\/wp-content\/uploads\/2022\/01\/Craniosacral-Baby-6.jpg&#8220; title_text=&#8220;Craniosacral Baby 6&#8243; _builder_version=&#8220;4.14.2&#8243; _module_preset=&#8220;default&#8220; global_colors_info=&#8220;{}&#8220;][\/et_pb_image][\/et_pb_column][\/et_pb_row][\/et_pb_section]<\/p>\n","protected":false},"excerpt":{"rendered":"<p>Osteopathie bei Babys und KindernCraniosacrale Therapie und Funktionelle Osteopathie sind mit ihrer sensiblen, zarten Herangehensweise auch und besonders f\u00fcr Kinder, sogar Neugeborene, geeignet. Sie k\u00f6nnen im noch sehr &#8222;fl\u00fcssigen&#8220; kindlichen System mit wenig Einflussnahme entscheidende Ver\u00e4nderungen bewirken. Spannungen und Blockaden der Muskeln, Gelenke und Faszien, die besonders h\u00e4ufig als Folgen der Geburt auftreten, behindern die [&hellip;]<\/p>\n","protected":false},"author":1,"featured_media":0,"parent":0,"menu_order":0,"comment_status":"closed","ping_status":"closed","template":"","meta":{"_et_pb_use_builder":"on","_et_pb_old_content":"<h3><span style=\"color: #800000;\">Kinderbehandlung und Osteopathie bei Neugeborenen und S\u00e4uglingen\r\n<\/span><\/h3>\r\n<img class=\"wp-image-15 size-full\" src=\"http:\/\/ruthkraemer.de\/wp-content\/uploads\/2016\/02\/osterhase-1.jpg\" alt=\"\" width=\"200\" height=\"170\" \/>\r\n<h4><span style=\"color: #800000;\"><b><span style=\"font-family: Verdana,sans-serif;\">Craniosacrale Therapie und\u00a0Funktionelle Osteopathie<\/span><\/b><\/span><\/h4>\r\n<span style=\"color: #808080;\">sind mit ihrer sensiblen, zarten Herangehensweise <span style=\"color: #800000;\">auch und besonders f\u00fcr Kinder, sogar Neugeborene<\/span>, geeignet. Sie k\u00f6nnen im noch sehr \"fl\u00fcssigen\" kindlichen System mit wenig Einflussnahme entscheidende Ver\u00e4nderungen bewirken.<\/span>\r\n<span style=\"color: #808080;\"> Spannungen und Blockaden der Muskeln, Gelenke und Faszien, die besonders h\u00e4ufig als Folgen der Geburt auftreten, behindern die gesunde\u00a0Regulation des K\u00f6rpers.<\/span>\r\n\r\n<span style=\"color: #808080;\">Da der K\u00f6rper als Einheit funktioniert sind nicht nur die blockierten Bereiche, sondern in der Folge oft auch innere Organe und das Nervensystem von St\u00f6rungen\u00a0betroffen.<\/span>\r\n\r\n<span style=\"color: #808080;\">Werden die Beeintr\u00e4chtigungen gel\u00f6st und damit die Funktionsf\u00e4higkeit des ganzen Systems wieder hergestellt, k\u00f6nnen <span style=\"color: #800000;\">Selbstregulation und Selbstorganisation<\/span> ungest\u00f6rt stattfinden. Die osteopathische Kinderbehandlung hat sich u.a. bew\u00e4hrt bei<\/span>\r\n<ul>\r\n \t<li><span style=\"color: #800000;\">Problemen durch die Geburt (z.B. nach Zangen- \/Saugglocken-\/ Kaiserschnittgeburt,\u00a0besonders langer oder besonders schneller Geburt, medikament\u00f6ser Beschleunigung\u00a0oder\u00a0Ausl\u00f6sung der Geburt)<\/span><\/li>\r\n \t<li><span style=\"color: #800000;\">Asymmetrien des Kopfes, der Lage, der Arm- und Beinbewegungen<\/span><\/li>\r\n \t<li><span style=\"color: #800000;\">Neugeborenenkoliken<\/span><\/li>\r\n \t<li><span style=\"color: #800000;\">\u00dcberstrecken des K\u00f6rpers, Schiefhals, KISS-Syndrom<\/span><\/li>\r\n \t<li><span style=\"color: #800000;\">Entwicklungsverz\u00f6gerung<\/span><\/li>\r\n \t<li><span style=\"color: #800000;\">R\u00fcckenschmerzen, Skoliose, Gliederschmerzen, Wachstumsschmerzen<\/span><\/li>\r\n \t<li><span style=\"color: #800000;\">Kieferorthop\u00e4dische Probleme, Z\u00e4hneknirschen, Kiefergelenksprobeme<\/span><\/li>\r\n \t<li><span style=\"color: #800000;\">Konzentrationsschwierigkeiten, Lernst\u00f6rungen, \"Hyperaktivit\u00e4t\"<\/span><\/li>\r\n<\/ul>\r\n&nbsp;","_et_gb_content_width":"","footnotes":""},"class_list":["post-14","page","type-page","status-publish","hentry"],"_links":{"self":[{"href":"http:\/\/ruthkraemer.de\/index.php?rest_route=\/wp\/v2\/pages\/14","targetHints":{"allow":["GET"]}}],"collection":[{"href":"http:\/\/ruthkraemer.de\/index.php?rest_route=\/wp\/v2\/pages"}],"about":[{"href":"http:\/\/ruthkraemer.de\/index.php?rest_route=\/wp\/v2\/types\/page"}],"author":[{"embeddable":true,"href":"http:\/\/ruthkraemer.de\/index.php?rest_route=\/wp\/v2\/users\/1"}],"replies":[{"embeddable":true,"href":"http:\/\/ruthkraemer.de\/index.php?rest_route=%2Fwp%2Fv2%2Fcomments&post=14"}],"version-history":[{"count":21,"href":"http:\/\/ruthkraemer.de\/index.php?rest_route=\/wp\/v2\/pages\/14\/revisions"}],"predecessor-version":[{"id":393,"href":"http:\/\/ruthkraemer.de\/index.php?rest_route=\/wp\/v2\/pages\/14\/revisions\/393"}],"wp:attachment":[{"href":"http:\/\/ruthkraemer.de\/index.php?rest_route=%2Fwp%2Fv2%2Fmedia&parent=14"}],"curies":[{"name":"wp","href":"https:\/\/api.w.org\/{rel}","templated":true}]}}